15
Suppose 393 = 2*f - o, 16*f - 204 = 15*f - 2*o. Calculate the greatest common divisor of 22 and f.
22
Suppose 3*s = x + 164, 13*s - 224 = 9*s - 4*x. What is the highest common factor of 10 and s?
5
Let o(u) = 40*u**2. Let n be o(-1). Let h be ((-6)/15)/((-2)/350). Let z be (-2)/(-7) + 1380/h. What is the highest common divisor of n and z?
20
Let x = 2 - -2. Suppose -3*d + x*s + 3 = 0, s = d - 5*d + 23. Suppose -d*a + 118 + 132 = 0. Calculate the highest common divisor of a and 10.
10
Let j = -620 + 815. Suppose 5*t + 0 - 10 = 0, 0 = -4*u + 2*t + 56. What is the highest common divisor of u and j?
15
Let r(a) = a - 6. Let o be r(9). Let w(i) = -4*i + 3. Suppose 2*b + 22 = -2*y, 0 = 2*b - 5*y - 13. Let c be w(b). What is the highest common divisor of c and o?
3
Suppose -3*g + 5*o - 5 = -6*g, -3*g + 4*o = -50. Let y = -10 + g. Suppose y = k - 4, -4*z + k = -4*k - 1212. Calculate the highest common divisor of 28 and z.
28
Let y = -51 + 55. Let s be -4 + 4 + 40 + y. Calculate the greatest common divisor of s and 110.
22
Let i be ((-8)/10)/(2/(-10)). Suppose 14 = i*m + 2. Suppose n = m + 7. Calculate the greatest common divisor of n and 40.
10
Let u(d) = d**2 + 23*d + 146. Let x be u(18). Calculate the highest common factor of 4 and x.
4
Suppose 3*o - 25 = -2*o, -2*o + 315 = -5*r. Let f = -54 - r. What is the greatest common factor of f and 35?
7
Let g(y) = -187*y**3 + 10*y**2 + 3*y + 1. Let u be g(-1). Calculate the highest common divisor of 156 and u.
39
Suppose 0 = 3*y - u - 4, -4*y + 3 = -2*u + 1. Let a(f) = 3*f**2 + f - 10. Let q be a(y). What is the highest common factor of q and 140?
20
Let k(i) = 4*i - 9*i + 6*i - 7. Let n be k(11). Suppose -2*w = 5*l - 266, -2*w = n*l - 97 - 173. What is the greatest common factor of 13 and w?
13
Let r = -1069 - -1070. What is the highest common factor of 233 and r?
1
Let x(w) = w**3 + w**2 + w. Let b be x(0). Let p(y) = 0 - 4 + b*y + 8*y + 2. Let a be p(3). Calculate the greatest common factor of a and 11.
11
Suppose j - 131 = -0*j - 3*y, 126 = j + 2*y. Suppose -5*c + j - 31 = 0. Calculate the greatest common divisor of 34 and c.
17
Suppose 0 = -0*u + 2*u - 4, -t - 2*u + 68 = 0. What is the greatest common factor of t and 2?
2
Let i(l) = 7*l + 1. Let v be i(2). Suppose -d + 2*a - 64 = -3*d, v = 5*a. Let r = 99 - d. What is the highest common divisor of 10 and r?
10
Let d = 9 + -4. Suppose -z - 1 = o, -25 + 6 = -d*z + o. Suppose -q - z*q = -32. What is the highest common factor of q and 20?
4
Suppose -8642 = -6*h + 6646. What is the highest common factor of h and 49?
49
Suppose 5*a + 5*b = -0*a + 20, -4*a + 2*b = -4. Let f(p) = p - 5. Let x be f(6). Calculate the highest common factor of a and x.
1
Let z = -205 + 215. Calculate the highest common divisor of z and 45.
5
Suppose 0*b = -2*b + 24. Let s be b/3*(-1)/2. Let i be (48/20)/(s/(-5)). What is the greatest common factor of 30 and i?
6
Let t = 583 + -413. What is the greatest common factor of 238 and t?
34
Let c(r) = 101*r - 12*r - 29*r + 5 - 2*r. Let h be c(1). What is the highest common factor of 9 and h?
9
Let y = -26 + 31. Suppose 7 = i - y. Let l be -4*(-3 - -2) + 0. What is the greatest common factor of l and i?
4
Let a be (-10)/6 + ((-764)/(-12) - -3). What is the highest common factor of 65 and a?
65
Suppose -43 - 11 = 3*l. Let r be (-12)/l*(1 + 17). What is the greatest common factor of 6 and r?
6
Let n(h) be the first derivative of 2*h**3/3 - 7*h**2/2 + 2*h - 45. Let z be n(4). Suppose -c = -0*c - 12. What is the greatest common divisor of z and c?
6
Suppose -3*z = -4*s - 20, -2*z + 5*s + 28 = 6*s. What is the highest common divisor of 84 and z?
12
Let w = -26 - -42. Suppose -2*b + w = 2*g, -4*b + 15 = 5*g - 29. Calculate the highest common factor of g and 6.
6
Suppose -21 + 6 = -4*c + 3*h, -18 = -5*c + 4*h. Suppose c*t - 67 - 17 = 0. Calculate the highest common divisor of 7 and t.
7
Suppose 2*j = -j + 60. Let f(q) = -3*q + 53. Let t be f(16). What is the greatest common divisor of j and t?
5
Let c(x) = -179*x**3 + x**2 - x - 1. Let g be 2/(2*(-1)/1). Let h be c(g). Suppose -4*n = -5*n + 20. What is the highest common divisor of n and h?
20
Let g = -86 + 89. Let z be (0 + g/4)*36. What is the greatest common factor of 9 and z?
9
Suppose 7*c + 3 = 6*c. Let b be (-189)/(-15) - c/(-5). Let w be (6/9)/(1/b). What is the highest common factor of 8 and w?
8
Suppose -10*b + 99 = -1241. Calculate the greatest common divisor of 938 and b.
134
Let g = -39 - -82. Let d be (-2)/(-3)*(-1 + g). What is the highest common factor of d and 112?
28
Suppose -2*w + 2*p = -8, 5*w - 3*p + p - 26 = 0. Let x be 18/15*(-180)/(-24). Calculate the highest common divisor of x and w.
3
Let d(o) = o**2 + 21*o + 57. Let f be d(-18). Suppose f*w + 1 - 37 = 0. Suppose 82 = 3*i + 2*j - 26, 3*j = 0. Calculate the greatest common factor of w and i.
12
Let y(c) = -19*c - 33 + 3*c + 5*c + 8. Let x be y(-17). Calculate the highest common divisor of 18 and x.
18
Let p(j) = 52*j**2 - 59*j - 122. Let d be p(-2). Calculate the greatest common divisor of d and 357.
51
Let j = 448 + -442. Calculate the greatest common factor of 4 and j.
2
Let c be ((-432)/(-40))/(4/10). Let x be 8/(-6) - (-252)/c. Let a be x*(-4 - (-15)/3). What is the greatest common divisor of 1 and a?
1
Suppose -v = -3 - 0. Let c be ((-112)/(-84))/((-4)/(-18) + 0). What is the highest common factor of c and v?
3
Let r(t) = -6*t - 18. Let h be r(-8). Let u = h - 26. What is the greatest common factor of 28 and u?
4
Let s be ((-63)/(-14))/(3/12). What is the highest common divisor of 12 and s?
6
Let k(p) = -5*p + 7. Let x be k(-8). Let r = x + 72. Calculate the highest common divisor of 17 and r.
17
Suppose -o + 1 = -22. Suppose -4*i = -3*g - o - 38, i - 2*g = 14. What is the highest common factor of 4 and i?
4
Let v(b) = b**3 - 10*b**2 + 12*b + 12. Let f be v(9). Let y(u) = 9*u + 9. Let n be y(12). What is the greatest common factor of n and f?
39
Suppose 9 = 3*n - 0*n. Suppose -n*v = 4*l - 59, l - 3*l = -3*v + 29. What is the highest common factor of v and 39?
13
Let g = -9 - -11. Suppose -g*q = 3*q - 20. Suppose -5*m + 145 = -3*j, -q*m + 96 + 23 = -3*j. Calculate the greatest common factor of m and 78.
26
Suppose 53 = b - 4*a, -5*b + 3*a - 2*a = -322. Suppose 9*y - b = 70. What is the highest common divisor of 3 and y?
3
Let w be 4/10 + 17/(-5). Let f = 403 + -406. Let x be (-46)/f*w/(-2). Calculate the highest common divisor of 184 and x.
23
Suppose 1594 = -8*a + 1714. What is the greatest common factor of 20 and a?
5
Let g(r) = r**2 - 7*r - 3. Let z be g(6). Let v = 13 + z. Suppose 0 = -b - 2 + v. What is the greatest common divisor of b and 22?
2
Let c(p) = -2*p**2 + 38*p + 31. Let v be c(6). Let z(h) = -h + 2. Let b be z(4). Let r be -2 - (-17 + 4/b). Calculate the greatest common divisor of v and r.
17
Let d = 232 + -228. Calculate the greatest common factor of d and 32.
4
Suppose 2*z - 1 = z. Suppose -2*g + z = -9. What is the highest common divisor of 10 and g?
5
Let i(t) = -t - 1. Let q(z) = z**2 + z - 19. Let m(n) = -6*i(n) + 2*q(n). Let v be m(-8). What is the highest common divisor of 32 and v?
32
Let h(k) = 2*k**2 + 4*k - 2. Let p be h(4). Let x(b) = -b**2 - 181*b - 2161. Let g be x(-13). What is the highest common divisor of g and p?
23
Let g(z) be the first derivative of 3*z**2/2 - 47*z + 24. Let v be g(22). What is the highest common divisor of v and 76?
19
Let z be 24/(1/(-64)*-8). What is the highest common divisor of z and 60?
12
Suppose -3*l - 4*a - 4 = -102, -l = -a - 21. What is the highest common divisor of l and 26?
26
Let t(w) = 8*w**2 + w - 10. Let j be t(3). Calculate the highest common divisor of j and 10.
5
Let z = 126 + -74. Suppose 4*l = -4*p + 332, 0 = -4*l - 3*p + 430 - 103. Calculate the greatest common divisor of l and z.
26
Let o be 0 + 4/12 - 10766/(-3). What is the highest common divisor of 97 and o?
97
Let j = -31 + 27. Let l be (j/6)/((-7)/42). Suppose v - 3*r = 33, -l*v + 40 + 82 = -2*r. Calculate the highest common divisor of 10 and v.
10
Let g be 24/20*(-150)/(-4). Suppose 0 = -5*o - 0*o + w + 72, 0 = -4*o + 5*w + g. What is the greatest common divisor of 15 and o?
15
Suppose 30*m - 34*m = -2*c + 16, 2*m = -2. What is the highest common divisor of 14 and c?
2
Suppose 